{"id":962,"date":"2023-11-11T05:05:33","date_gmt":"2023-11-11T05:05:33","guid":{"rendered":"https:\/\/amovacinasguarulhos.com.br\/?page_id=962"},"modified":"2023-11-11T05:05:33","modified_gmt":"2023-11-11T05:05:33","slug":"politica-de-privacidade","status":"publish","type":"page","link":"https:\/\/amovacinasguarulhos.com.br\/?page_id=962","title":{"rendered":"Pol\u00edtica de Privacidade"},"content":{"rendered":"<p>Pol\u00edtica de Privacidade<\/p>\n<pre id=\"tw-target-text\" class=\"tw-data-text tw-text-large tw-ta\" dir=\"ltr\" data-placeholder=\"Tradu\u00e7\u00e3o\" data-ved=\"2ahUKEwjPgN2hkruCAxU7lZUCHWaQDhoQ3ewLegQIBRAQ\"><span class=\"Y2IQFc\" lang=\"pt\">Amo vacina solicita seu consentimento para usar seus dados pessoais para:\r\n\r\nSeus dados pessoais ser\u00e3o processados \u200b\u200be as informa\u00e7\u00f5es do seu dispositivo (cookies, identificadores exclusivos e outros dados do dispositivo) poder\u00e3o ser armazenadas, acessadas e compartilhadas com 0 fornecedor(es) de TCF ou usadas especificamente por este site ou aplicativo.\r\n\r\nAlguns fornecedores podem processar os seus dados pessoais com base em interesses leg\u00edtimos, aos quais pode opor-se gerindo as suas op\u00e7\u00f5es abaixo. Procure um link no final desta p\u00e1gina ou em nossa pol\u00edtica de privacidade onde voc\u00ea pode retirar o consentimento.<\/span><\/pre>\n","protected":false},"excerpt":{"rendered":"<p>Pol\u00edtica de Privacidade Amo vacina solicita seu consentimento para usar seus dados pessoais para: Seus dados pessoais ser\u00e3o processados \u200b\u200be as informa\u00e7\u00f5es do seu dispositivo (cookies, identificadores exclusivos e outros [&hellip;]<\/p>\n","protected":false},"author":1,"featured_media":0,"parent":0,"menu_order":0,"comment_status":"closed","ping_status":"closed","template":"","meta":{"footnotes":""},"class_list":["post-962","page","type-page","status-publish","hentry","rishi-post","no-post-thumbnail"],"rishi__cb_customizer_meta":"","yoast_head":"<!-- This site is optimized with the Yoast SEO plugin v26.5 - https:\/\/yoast.com\/wordpress\/plugins\/seo\/ -->\n<title>Pol\u00edtica de Privacidade - Amo Vacinas Guarulhos<\/title>\n<meta name=\"robots\" content=\"index, follow, max-snippet:-1, max-image-preview:large, max-video-preview:-1\" \/>\n<link rel=\"canonical\" href=\"https:\/\/amovacinasguarulhos.com.br\/?page_id=962\" \/>\n<meta property=\"og:locale\" content=\"pt_BR\" \/>\n<meta property=\"og:type\" content=\"article\" \/>\n<meta property=\"og:title\" content=\"Pol\u00edtica de Privacidade - Amo Vacinas Guarulhos\" \/>\n<meta property=\"og:description\" content=\"Pol\u00edtica de Privacidade Amo vacina solicita seu consentimento para usar seus dados pessoais para: Seus dados pessoais ser\u00e3o processados \u200b\u200be as informa\u00e7\u00f5es do seu dispositivo (cookies, identificadores exclusivos e outros [&hellip;]\" \/>\n<meta property=\"og:url\" content=\"https:\/\/amovacinasguarulhos.com.br\/?page_id=962\" \/>\n<meta property=\"og:site_name\" content=\"Amo Vacinas Guarulhos\" \/>\n<meta property=\"og:image\" content=\"https:\/\/amovacinasguarulhos.com.br\/wp-content\/uploads\/2023\/07\/BannerSite_UmaClinica-1.jpg\" \/>\n\t<meta property=\"og:image:width\" content=\"2400\" \/>\n\t<meta property=\"og:image:height\" content=\"1060\" \/>\n\t<meta property=\"og:image:type\" content=\"image\/jpeg\" \/>\n<meta name=\"twitter:card\" content=\"summary_large_image\" \/>\n<meta name=\"twitter:label1\" content=\"Est. tempo de leitura\" \/>\n\t<meta name=\"twitter:data1\" content=\"1 minuto\" \/>\n<script type=\"application\/ld+json\" class=\"yoast-schema-graph\">{\"@context\":\"https:\/\/schema.org\",\"@graph\":[{\"@type\":\"WebPage\",\"@id\":\"https:\/\/amovacinasguarulhos.com.br\/?page_id=962\",\"url\":\"https:\/\/amovacinasguarulhos.com.br\/?page_id=962\",\"name\":\"Pol\u00edtica de Privacidade - Amo Vacinas Guarulhos\",\"isPartOf\":{\"@id\":\"https:\/\/amovacinasguarulhos.com.br\/#website\"},\"datePublished\":\"2023-11-11T05:05:33+00:00\",\"breadcrumb\":{\"@id\":\"https:\/\/amovacinasguarulhos.com.br\/?page_id=962#breadcrumb\"},\"inLanguage\":\"pt-BR\",\"potentialAction\":[{\"@type\":\"ReadAction\",\"target\":[\"https:\/\/amovacinasguarulhos.com.br\/?page_id=962\"]}]},{\"@type\":\"BreadcrumbList\",\"@id\":\"https:\/\/amovacinasguarulhos.com.br\/?page_id=962#breadcrumb\",\"itemListElement\":[{\"@type\":\"ListItem\",\"position\":1,\"name\":\"In\u00edcio\",\"item\":\"https:\/\/amovacinasguarulhos.com.br\/\"},{\"@type\":\"ListItem\",\"position\":2,\"name\":\"Pol\u00edtica de Privacidade\"}]},{\"@type\":\"WebSite\",\"@id\":\"https:\/\/amovacinasguarulhos.com.br\/#website\",\"url\":\"https:\/\/amovacinasguarulhos.com.br\/\",\"name\":\"Amo Vacinas Guarulhos\",\"description\":\"Cl\u00ednica especializada em vacina\u00e7\u00e3o, para todas as idades, planos exclusivos, humanizado, al\u00e9m disso, na Amo Vacinas Guarulhos tem atendimento domiciliar!\",\"publisher\":{\"@id\":\"https:\/\/amovacinasguarulhos.com.br\/#organization\"},\"potentialAction\":[{\"@type\":\"SearchAction\",\"target\":{\"@type\":\"EntryPoint\",\"urlTemplate\":\"https:\/\/amovacinasguarulhos.com.br\/?s={search_term_string}\"},\"query-input\":{\"@type\":\"PropertyValueSpecification\",\"valueRequired\":true,\"valueName\":\"search_term_string\"}}],\"inLanguage\":\"pt-BR\"},{\"@type\":\"Organization\",\"@id\":\"https:\/\/amovacinasguarulhos.com.br\/#organization\",\"name\":\"Amo Vacinas Guarulhos\",\"alternateName\":\"Amo Vacinas\",\"url\":\"https:\/\/amovacinasguarulhos.com.br\/\",\"logo\":{\"@type\":\"ImageObject\",\"inLanguage\":\"pt-BR\",\"@id\":\"https:\/\/amovacinasguarulhos.com.br\/#\/schema\/logo\/image\/\",\"url\":\"https:\/\/amovacinasguarulhos.com.br\/wp-content\/uploads\/2023\/07\/Logo_AmoVacinasRGB-1536x692-1.png\",\"contentUrl\":\"https:\/\/amovacinasguarulhos.com.br\/wp-content\/uploads\/2023\/07\/Logo_AmoVacinasRGB-1536x692-1.png\",\"width\":1536,\"height\":692,\"caption\":\"Amo Vacinas Guarulhos\"},\"image\":{\"@id\":\"https:\/\/amovacinasguarulhos.com.br\/#\/schema\/logo\/image\/\"},\"sameAs\":[\"https:\/\/www.instagram.com\/amovacinasshopinternacionalgru\/\"]}]}<\/script>\n<!-- \/ Yoast SEO plugin. -->","yoast_head_json":{"title":"Pol\u00edtica de Privacidade - Amo Vacinas Guarulhos","robots":{"index":"index","follow":"follow","max-snippet":"max-snippet:-1","max-image-preview":"max-image-preview:large","max-video-preview":"max-video-preview:-1"},"canonical":"https:\/\/amovacinasguarulhos.com.br\/?page_id=962","og_locale":"pt_BR","og_type":"article","og_title":"Pol\u00edtica de Privacidade - Amo Vacinas Guarulhos","og_description":"Pol\u00edtica de Privacidade Amo vacina solicita seu consentimento para usar seus dados pessoais para: Seus dados pessoais ser\u00e3o processados \u200b\u200be as informa\u00e7\u00f5es do seu dispositivo (cookies, identificadores exclusivos e outros [&hellip;]","og_url":"https:\/\/amovacinasguarulhos.com.br\/?page_id=962","og_site_name":"Amo Vacinas Guarulhos","og_image":[{"width":2400,"height":1060,"url":"https:\/\/amovacinasguarulhos.com.br\/wp-content\/uploads\/2023\/07\/BannerSite_UmaClinica-1.jpg","type":"image\/jpeg"}],"twitter_card":"summary_large_image","twitter_misc":{"Est. tempo de leitura":"1 minuto"},"schema":{"@context":"https:\/\/schema.org","@graph":[{"@type":"WebPage","@id":"https:\/\/amovacinasguarulhos.com.br\/?page_id=962","url":"https:\/\/amovacinasguarulhos.com.br\/?page_id=962","name":"Pol\u00edtica de Privacidade - Amo Vacinas Guarulhos","isPartOf":{"@id":"https:\/\/amovacinasguarulhos.com.br\/#website"},"datePublished":"2023-11-11T05:05:33+00:00","breadcrumb":{"@id":"https:\/\/amovacinasguarulhos.com.br\/?page_id=962#breadcrumb"},"inLanguage":"pt-BR","potentialAction":[{"@type":"ReadAction","target":["https:\/\/amovacinasguarulhos.com.br\/?page_id=962"]}]},{"@type":"BreadcrumbList","@id":"https:\/\/amovacinasguarulhos.com.br\/?page_id=962#breadcrumb","itemListElement":[{"@type":"ListItem","position":1,"name":"In\u00edcio","item":"https:\/\/amovacinasguarulhos.com.br\/"},{"@type":"ListItem","position":2,"name":"Pol\u00edtica de Privacidade"}]},{"@type":"WebSite","@id":"https:\/\/amovacinasguarulhos.com.br\/#website","url":"https:\/\/amovacinasguarulhos.com.br\/","name":"Amo Vacinas Guarulhos","description":"Cl\u00ednica especializada em vacina\u00e7\u00e3o, para todas as idades, planos exclusivos, humanizado, al\u00e9m disso, na Amo Vacinas Guarulhos tem atendimento domiciliar!","publisher":{"@id":"https:\/\/amovacinasguarulhos.com.br\/#organization"},"potentialAction":[{"@type":"SearchAction","target":{"@type":"EntryPoint","urlTemplate":"https:\/\/amovacinasguarulhos.com.br\/?s={search_term_string}"},"query-input":{"@type":"PropertyValueSpecification","valueRequired":true,"valueName":"search_term_string"}}],"inLanguage":"pt-BR"},{"@type":"Organization","@id":"https:\/\/amovacinasguarulhos.com.br\/#organization","name":"Amo Vacinas Guarulhos","alternateName":"Amo Vacinas","url":"https:\/\/amovacinasguarulhos.com.br\/","logo":{"@type":"ImageObject","inLanguage":"pt-BR","@id":"https:\/\/amovacinasguarulhos.com.br\/#\/schema\/logo\/image\/","url":"https:\/\/amovacinasguarulhos.com.br\/wp-content\/uploads\/2023\/07\/Logo_AmoVacinasRGB-1536x692-1.png","contentUrl":"https:\/\/amovacinasguarulhos.com.br\/wp-content\/uploads\/2023\/07\/Logo_AmoVacinasRGB-1536x692-1.png","width":1536,"height":692,"caption":"Amo Vacinas Guarulhos"},"image":{"@id":"https:\/\/amovacinasguarulhos.com.br\/#\/schema\/logo\/image\/"},"sameAs":["https:\/\/www.instagram.com\/amovacinasshopinternacionalgru\/"]}]}},"_links":{"self":[{"href":"https:\/\/amovacinasguarulhos.com.br\/index.php?rest_route=\/wp\/v2\/pages\/962","targetHints":{"allow":["GET"]}}],"collection":[{"href":"https:\/\/amovacinasguarulhos.com.br\/index.php?rest_route=\/wp\/v2\/pages"}],"about":[{"href":"https:\/\/amovacinasguarulhos.com.br\/index.php?rest_route=\/wp\/v2\/types\/page"}],"author":[{"embeddable":true,"href":"https:\/\/amovacinasguarulhos.com.br\/index.php?rest_route=\/wp\/v2\/users\/1"}],"replies":[{"embeddable":true,"href":"https:\/\/amovacinasguarulhos.com.br\/index.php?rest_route=%2Fwp%2Fv2%2Fcomments&post=962"}],"version-history":[{"count":1,"href":"https:\/\/amovacinasguarulhos.com.br\/index.php?rest_route=\/wp\/v2\/pages\/962\/revisions"}],"predecessor-version":[{"id":964,"href":"https:\/\/amovacinasguarulhos.com.br\/index.php?rest_route=\/wp\/v2\/pages\/962\/revisions\/964"}],"wp:attachment":[{"href":"https:\/\/amovacinasguarulhos.com.br\/index.php?rest_route=%2Fwp%2Fv2%2Fmedia&parent=962"}],"curies":[{"name":"wp","href":"https:\/\/api.w.org\/{rel}","templated":true}]}}